f 99?
False
Is 12 a factor of 28015?
False
Does 20 divide 138?
False
Is 794 a multiple of 5?
False
Is 35340 a multiple of 15?
True
Is 40 a factor of 12160?
True
Is 10937 a multiple of 167?
False
Does 25 divide 3425?
True
Does 20 divide 760?
True
Is 4247 a multiple of 25?
False
Is 200 a multiple of 19?
False
Is 1429 a multiple of 3?
False
Is 9 a factor of 321?
False
Does 49 divide 1127?
True
Does 194 divide 11315?
False
Is 3 a factor of 182?
False
Is 20 a factor of 77247?
False
Is 96317 a multiple of 466?
False
Is 51 a factor of 19186?
False
Does 32 divide 1280?
True
Is 43 a factor of 58509?
False
Is 894 a multiple of 6?
True
Is 138 a factor of 1242?
True
Is 18836 a multiple of 34?
True
Does 20 divide 107535?
False
Is 6050 a multiple of 32?
False
Does 13 divide 1022?
False
Is 11 a factor of 968?
True
Is 21 a factor of 76881?
True
Is 30275 a multiple of 24?
False
Does 81 divide 25515?
True
Is 32 a factor of 21792?
True
Does 10 divide 580?
True
Is 2986 a multiple of 40?
False
Is 837 a multiple of 31?
True
Is 223 a factor of 1151?
False
Is 1037 a multiple of 10?
False
Is 7372 a multiple of 19?
True
Is 68 a factor of 3740?
True
Is 58 a factor of 754?
True
Does 8 divide 1050?
False
Does 18 divide 1572?
False
Is 75 a factor of 5081?
False
Is 80 a factor of 12508?
False
Is 3760 a multiple of 10?
True
Is 110 a factor of 3960?
True
Is 125 a multiple of 5?
True
Is 14160 a multiple of 177?
True
Is 70 a factor of 350?
True
Does 15 divide 15?
True
Is 23418 a multiple of 18?
True
Is 133 a factor of 13832?
True
Is 3888 a multiple of 243?
True
Does 39 divide 1470?
False
Is 280 a multiple of 14?
True
Does 57 divide 4959?
True
Is 43117 a multiple of 224?
False
Is 376 a factor of 24978?
False
Is 16451 a multiple of 10?
False
Is 624 a multiple of 24?
True
Is 1660 a multiple of 6?
False
Is 33 a factor of 22308?
True
Is 102 a multiple of 2?
True
Is 332 a multiple of 3?
False
Is 53 a factor of 1537?
True
Is 4 a factor of 83?
False
Is 25 a factor of 44400?
True
Does 4 divide 36?
True
Is 2624 a multiple of 64?
True
Does 30 divide 300?
True
Is 60 a factor of 244?
False
Is 1006 even?
True
Is 138 a factor of 70629?
False
Is 994 a multiple of 10?
False
Is 360 a multiple of 8?
True
Does 11 divide 792?
True
Is 9373 a multiple of 54?
False
Does 9 divide 2090?
False
Is 1112 a multiple of 139?
True
Does 81 divide 54027?
True
Does 247 divide 20501?
True
Does 115 divide 13925?
False
Is 15 a factor of 345?
True
Is 10 a factor of 190?
True
Is 79772 a multiple of 22?
True
Does 14 divide 14324?
False
Is 7 a factor of 140?
True
Does 5 divide 175?
True
Is 320 a multiple of 8?
True
Is 12 a factor of 2940?
True
Is 8002 a multiple of 18?
False
Does 66 divide 6417?
False
Does 31 divide 20936?
False
Is 42 a factor of 813?
False
Does 11 divide 132?
True
Is 288 a multiple of 10?
False
Is 595 a multiple of 5?
True
Is 21273 a multiple of 4?
False
Is 13 a factor of 2620?
False
Does 71 divide 1722?
False
Does 13 divide 676?
True
Is 75423 a multiple of 9?
False
Is 2736 a multiple of 48?
True
Is 70 a factor of 11525?
False
Is 6869 a multiple of 137?
False
Does 9 divide 356?
False
Is 58 a multiple of 3?
False
Is 11 a factor of 1899?
False
Does 64 divide 6821?
False
Is 4828 a multiple of 26?
False
Does 75 divide 5493?
False
Does 34 divide 33014?
True
Does 21 divide 400?
False
Is 98 a factor of 2923?
False
Is 1140 a multiple of 76?
True
Is 98 a factor of 12642?
True
Is 591 a multiple of 11?
False
Is 13 a factor of 20137?
True
Does 19 divide 5439?
False
Is 935 a multiple of 17?
True
Is 76 a factor of 65282?
False
Does 19 divide 70?
False
Does 14 divide 8834?
True
Does 69 divide 30399?
False
Is 10 a factor of 580?
True
Is 9563 a multiple of 55?
False
Is 6 a factor of 1087?
False
Does 52 divide 9492?
False
Is 15 a factor of 1260?
True
Is 162 a factor of 1491?
False
Does 106 divide 2544?
True
Is 36 a multiple of 2?
True
Is 8 a factor of 1014?
False
Is 6020 a multiple of 43?
True
Is 18301 a multiple of 44?
False
Does 21 divide 1631?
False
Does 25 divide 1783?
False
Is 5 a factor of 140?
True
Does 12 divide 1203?
False
Is 25 a factor of 35200?
True
Is 17 a factor of 3046?
False
Is 31291 a multiple of 47?
False
Is 14998 a multiple of 152?
False
Does 25 divide 66450?
True
Is 166 a factor of 5169?
False
Does 11 divide 4293?
False
Does 10 divide 14800?
True
Does 3 divide 143?
False
Is 6 a factor of 1722?
True
Is 9387 a multiple of 147?
False
Does 2 divide 5209?
False
Is 351 a multiple of 9?
True
Does 45 divide 7245?
True
Is 33 a factor of 660?
True
Is 4183 a multiple of 47?
True
Is 552 a multiple of 12?
True
Does 16 divide 224?
True
Is 2 a factor of 75?
False
Is 704 a multiple of 10?
False
Is 5 a factor of 2982?
False
Is 354 a factor of 75777?
False
Is 3 a factor of 133?
False
Does 23 divide 2300?
True
Is 37 a factor of 296?
True
Does 11 divide 7409?
False
Is 6 a factor of 68?
False
Is 62 a factor of 24552?
True
Is 6674 a multiple of 26?
False
Is 280 a multiple of 9?
False
Does 8 divide 912?
True
Is 7 a factor of 61?
False
Is 369 a multiple of 69?
False
Is 8 a factor of 704?
True
Is 106605 a multiple of 345?
True
Does 18 divide 6318?
True
Is 13 a factor of 3835?
True
Is 40 a multiple of 3?
False
Is 43 a factor of 1462?
True
Is 2457 a multiple of 6?
False
Is 25 a factor of 1975?
True
Does 40 divide 8200?
True
Does 230 divide 11488?
False
Is 793 a multiple of 39?
False
Is 48 a factor of 63792?
True
Is 24 a factor of 97?
False
Is 2321 a multiple of 22?
False
Is 33439 a multiple of 46?
False
Is 31 a factor of 2387?
True
Is 42 a factor of 2940?
True
Is 5276 a multiple of 14?
False
Does 25 divide 502?
False
Is 101 a factor of 15756?
True
Is 32 a factor of 1118?
False
Does 24 divide 9864?
True
Is 2788 a multiple of 20?
False
Does 67 divide 1058?
False
Is 22 a factor of 3586?
True
Does 28 divide 31417?
False
Is 1608 a multiple of 6?
True
Is 5 a factor of 410?
True
Is 8 a factor of 696?
True
Does 28 divide 4710?
False
Does 132 divide 26136?
True
Is 8 a factor of 1784?
True
Is 13272 a multiple of 171?
False
Is 791 a multiple of 25?
False
Does 21 divide 30575?
False
Is 12825 a multiple of 25?
True
Is 4 a factor of 124?
True
Does 49 divide 23302?
False
Is 24 a factor of 2448?
True
Is 4 a factor of 857?
False
Does 8 divide 659?
False
Is 36 a factor of 144?
True
Is 36 a factor of 1273?
False
Is 22004 a multiple of 8?
False
Does 8 divide 1368?
True
Is 12 a factor of 40176?
True
Is 6877 a multiple of 222?
False
Is 47120 a multiple of 190?
True
Does 65 divide 14300?
True
Is 22231 a multiple of 24?
False
Is 38151 a multiple of 110?
False
Is 433 a multiple of 21?
False
Does 16 divide 2672?
True
Is 6528 a multiple of 4?
True
Is 3 a factor of 188?
False
Does 86 divide 2752?
True
Does 16 divide 31588?
False
Is 41 a factor of 571?
False
Is 9177 a multiple of 23?
True
Does 12 divide 2928?
True
Is 664 a multiple of 2?
True
Is 10 a factor of 6729?
False
Is 31 a factor of 43431?
True
Does 145 divide 25520?
True
Is 45 a factor of 392?
False
Is 3822 a multiple of 14?
True
Is 208 a multiple of 16?
True
Does 11 divide 228?
False
Is 10 a factor of 3399?
False
Is 20178 a multiple of 38?
True
Does 100 divide 5857?
False
Does 49 divide 17052?
True
Does 21 divide 399?
True
Is 20 a factor of 475?
False
Is 32576 a multiple of 64?
True
Is 415 a multiple of 18?
False
Is 4 a factor of 304?
True
Does 5 divide 1125?
True
Does 4 divide 80?
True
Is 60 a factor of 1957?
False
Is 266 a multiple of 10?
False
Does 85 divide 3570?
True
Is 9 a factor of 882?
True
Is 8 a factor of 200?
True
Is 24 a factor of 4093?
False
Does 144 divide 19209?
False
Does 3 divide 120?
True
Is 1144 a multiple of 52?
True
Is 468 a multiple of 36?
True
Is 2337 a multiple of 19?
True
Is 2586 a multiple of 17?
False
Does 84 divide 1285?
False
Is 69 a factor of 1932?
True
Is 7327 a multiple of 45?
False
Is 34 a factor of 1146?
False
Is 43230 a multiple of 10?
True
Is 13 a factor of 1989?
True
Is 153 a multiple of 19?
False
Is 54 a factor of 2463?
False
Does 63 divide 693?
True
Does 123 divide 5660?
False
Does 115 divide 5971?
False
Is 15 a factor of 23220?
True
Does 4 divide 1036?
True
Is 8688 a multiple of 4?
True
Does 435 divide 99180?
True
Is 1640 a multiple of 82?
True
Is 17 a factor of 323?
True
Does 2 divide 6?
True
Is 3784 a multiple of 88?
True
Is 38211 a multiple of 197?
